, what is 401 - -5?
410
In base 14, what is -c6d - 1?
-c70
In base 14, what is 41 - 3?
3c
In base 15, what is 90 + 1e?
ae
In base 6, what is -1 + -14230?
-14231
In base 9, what is 25 - 7?
17
In base 6, what is -35030 + 1?
-35025
In base 3, what is -12 + 11021?
11002
In base 11, what is 5 + -47?
-42
In base 4, what is 112 - 2?
110
In base 4, what is -13 - 23?
-102
In base 4, what is -10 - 202?
-212
In base 3, what is -2001 - 2?
-2010
In base 13, what is -561 + 9?
-555
In base 4, what is -10 - 3020?
-3030
In base 3, what is -20212 + 11?
-20201
In base 13, what is -7 - -a?
3
In base 15, what is -3 - -8c?
89
In base 13, what is 4 + -271?
-26a
In base 10, what is -250 + 0?
-250
In base 10, what is 16 - 4?
12
In base 6, what is -21 - -21?
0
In base 6, what is 212 - -4?
220
In base 4, what is 2 + -223?
-221
In base 14, what is -28 + a?
-1c
In base 10, what is 1 - -45?
46
In base 14, what is b + -36?
-29
In base 4, what is 21302 - -110?
22012
In base 11, what is -544 - -1?
-543
In base 15, what is -2 - 185?
-187
In base 3, what is -20122 + 12?
-20110
In base 7, what is -21651 - -2?
-21646
In base 3, what is 1 + -12022221?
-12022220
In base 2, what is 1101010001 + 100?
1101010101
In base 2, what is -11 + -110111?
-111010
In base 10, what is 12 + -5?
7
In base 9, what is 6 + 23?
30
In base 2, what is 100 + 1011000?
1011100
In base 5, what is -33 - -24?
-4
In base 4, what is 10 - 12?
-2
In base 2, what is 10 - 1010111010101?
-1010111010011
In base 4, what is -1101000 + -1?
-1101001
In base 10, what is -226 - -6?
-220
In base 13, what is 7b + -6?
75
In base 12, what is 1 - 72?
-71
In base 16, what is 13 - 1?
12
In base 4, what is 22302 - 2?
22300
In base 4, what is 1332 - 202?
1130
In base 12, what is -3 - -68?
65
In base 7, what is 2 - 35?
-33
In base 15, what is -1c + 2?
-1a
In base 6, what is -5 + -4505?
-4514
In base 3, what is -12002 + 2?
-12000
In base 12, what is 937 + -4?
933
In base 11, what is 3 - -65?
68
In base 14, what is -104 - 5?
-109
In base 4, what is -21 - -300?
213
In base 13, what is -3c0 - 3?
-3c3
In base 2, what is 1110 + -1010000?
-1000010
In base 7, what is -6 + -351?
-360
In base 8, what is -104015 + 0?
-104015
In base 8, what is 5 + 220?
225
In base 8, what is -15 - -20?
3
In base 3, what is -100012010 + 12?
-100011221
In base 6, what is 1 + -33331?
-33330
In base 2, what is 1000110 + 100?
1001010
In base 2, what is -1010110 - -10011?
-1000011
In base 8, what is -3107 + 4?
-3103
In base 2, what is -10000111 - -10010?
-1110101
In base 10, what is 176 + 144?
320
In base 13, what is -5 + -a?
-12
In base 16, what is 81f + -1?
81e
In base 12, what is 1034a - -1?
1034b
In base 9, what is -86788 - -3?
-86785
In base 6, what is 2541 + 15?
3000
In base 9, what is 3668 - 5?
3663
In base 9, what is 0 - -6108?
6108
In base 9, what is 4 + -76?
-72
In base 11, what is -3 + 16?
13
In base 15, what is -2 - -8e3?
8e1
In base 4, what is -23213 + 2?
-23211
In base 2, what is -1000010000 + -101?
-1000010101
In base 4, what is -2011 + -2?
-2013
In base 2, what is 100010001011110 - 0?
100010001011110
In base 9, what is -1426 + 10?
-1416
In base 5, what is 12 + -1200?
-1133
In base 6, what is 2 + 1?
3
In base 15, what is 502 - 0?
502
In base 6, what is 1143 + -2?
1141
In base 13, what is -8 + 7?
-1
In base 14, what is 9 - -49?
54
In base 3, what is -12 - 1110100?
-1110112
In base 5, what is 3 - -204?
212
In base 11, what is -4 + 2660?
2657
In base 14, what is 160 - 4?
15a
In base 9, what is 2 + -12?
-10
In base 6, what is 14 - 140?
-122
In base 15, what is -66 + -11?
-77
In base 13, what is -4 + 10?
9
In base 3, what is 10 - -101100?
101110
In base 7, what is -23 + -310?
-333
In base 12, what is -64 - 14?
-78
In base 14, what is 59 + 1?
5a
In base 10, what is 73 + 196?
269
In base 10, what is -25 - -118?
93
In base 7, what is 54 + 10?
64
In base 7, what is 0 + -460?
-460
In base 11, what is 70 - 8?
63
In base 11, what is 5 + -3584?
-357a
In base 9, what is 57 - 1?
56
In base 8, what is 333 - 76?
235
In base 3, what is -1111 - 11002?
-12120
In base 16, what is -ab - -1?
-aa
In base 10, what is 0 + 414?
414
In base 9, what is 4 + -40?
-35
In base 13, what is 7b2 - -a?
7bc
In base 11, what is -444 - 3?
-447
In base 8, what is 13 + -4?
7
In base 5, what is -24232 - 10?
-24242
In base 16, what is 1d - 0?
1d
In base 2, what is -101011 + 100?
-100111
In base 5, what is 0 - 14434?
-14434
In base 7, what is -2 - -3256?
3254
In base 7, what is 16 - -4?
23
In base 4, what is 3333 - 2?
3331
In base 7, what is -42660 - 3?
-42663
In base 10, what is -16 - 313?
-329
In base 14, what is 3 + 1a?
1d
In base 15, what is e - 11?
-2
In base 10, what is 34 + -14?
20
In base 16, what is 12 + 5?
17
In base 15, what is 101 - 5?
eb
In base 12, what is 2 + -7?
-5
In base 12, what is -17 + 68?
51
In base 5, what is -2 - 10120?
-10122
In base 15, what is -25 + d?
-17
In base 8, what is 11 + -1316?
-1305
In base 3, what is 1 + -1220?
-1212
In base 6, what is 114143 - 4?
114135
In base 14, what is -1 + -4c?
-4d
In base 13, what is -938 - 4?
-93c
In base 4, what is -30222 + 10?
-30212
In base 4, what is 202 - 21?
121
In base 11, what is 28 + -8?
20
In base 2, what is 11100 - -11010110?
11110010
In base 4, what is 1 - -231330?
231331
In base 13, what is 12c + -12?
11a
In base 6, what is 5 + -3354?
-3345
In base 5, what is -3 + -10042?
-10100
In base 2, what is 1100110 + -1110?
1011000
In base 16, what is -1 + -315?
-316
In base 16, what is -11 + ad?
9c
In base 5, what is -1131 + 1?
-1130
In base 7, what is -230 - -1?
-226
In base 10, what is 4 - -2?
6
In base 11, what is -72 - 104?
-176
In base 9, what is 2 + -167?
-165
In base 9, what is -5 - 37?
-43
In base 3, what is 100 + -1000121?
-1000021
In base 10, what is 4 - -3130?
3134
In base 2, what is 1 + 1010010?
1010011
In base 8, what is -3 - -73?
70
In base 14, what is -14d - -1?
-14c
In base 6, what is 4422 - 1?
4421
In base 3, what is 20212 + 2?
20221
In base 4, what is -3 + 200?
131
In base 5, what is 4144 + 4?
4203
In base 12, what is 4 + 1aa?
1b2
In base 9, what is 18 - 31?
-12
In base 2, what is 0 - -10011001?
10011001
In base 11, what is 4 + -1203?
-11aa
In base 2, what is 10110001001100 - -101?
10110001010001
In base 10, what is 35 - 15?
20
In base 15, what is -292 - 2?
-294
In base 2, what is -10010101 - 110?
-10011011
In base 12, what is 8 + -4a?
-42
In base 9, what is -223 - -5?
-217
In base 11, what is 5 - 2712?
-2708
In base 3, what is 12 - -2201?
2220
In base 8, what is 16007 + -5?
16002
In base 10, what is 60 - -235?
295
In base 3, what is 222 + 110?
1102
In base 11, what is 4 - -94?
98
In base 5, what is -102 + 2143?
2041
In base 15, what is -d + -39?
-47
In base 9, what is -4 - -4522?
4517
In base 8, what is 7 + -65?
-56
In base 2, what is -100 + -101011?
-101111
In base 11, what is -163 - 0?
-163
In base 3, what is -1012120 + -2?
-1012122
In base 7, what is 3 - -100?
103
In base 8, what is -2005 + 0?
-2005
In base 12, what is -501 + 0?
-501
In base 2, what is 11101 - 10111?
110
In base 8, what is 11 - 15?
-4
In base 2, what is 0 - 11110100?
-11110100
In base 11, what is 15a4 - -5?
15a9
In base 12, what is 189 - -41?
20a
In base 9, what is 1 - -160?
161
In base 10, what is -2900 + 1?
-2899
In base 5, what is -12 - 132?
-144
In base 13, what is 4c7 - 4?
4c3
In base 13, what is -2 - -57?
55
In base 5, what is -10 + -1022?
-1032
In base 8, what is 47214 + 4?
47220
In base 12, what is -250 - -6?
-246
In base 9, what is 101 - -57?
158
In base 10, what is -83 + -2?
-85
In base 5, what is -24 - -10?
-14
In base 15, what is -c39 + -1?
-c3a
In base 2, what is -11010010 + -10?
-11010100
In base 12, what is 3724 - 4?
3720
In base 13, what is -12 + -2?
-14
In base 4, what is 3013 - 12?
3001
In base 12, what is -24 - -8?
-18
In base 6, what is -41 + -52?
-133
In base 8, what is -1 + 2440?
2437
In base 13, what is -310 - 2?
-312
In base 8, what is 30 - -3?
33
In base 9, what is 26 + -20?
6
In base 8, what is -1 + 474?
473
In base 4, what is -3102 - -3?
-3033
In base 14, what is a41 + -5?
a3a
In base 10, what is 8 - -121?
129
In base 3, what is 21 - -10221?
11012
In base 8, what is 67 + -12?
55
In base 16, what is -1434 + -4?
-1438
In base 13, what is -5 - 222?
-227
In base 10, what is -55 - 12?
-67
In base 8, what is 2146 - 1